b1887 (base 14) to base 5.
-341041110
-10110111001111010000 (base 2) to base 8
-2671720
Convert -3d35c (base 15) to base 14.
-51888
Convert 826635 (base 9) to base 13.
1422a7
What is 4670640 (base 8) in base 3?
2101201222021
Convert 1131097 (base 11) to base 10.
1977972
1034202021 (base 6) to base 14
1696749
10001110001101100 (base 2) to base 12
36178
What is -10011110110000110 (base 2) in base 14?
-218a2
f336 (base 16) to base 3
10011102000
Convert -21212022312 (base 4) to base 9.
-4653723
3322135 (base 8) to base 7
10412355
-273718 (base 9) to base 4
-220232030
What is -361201 (base 9) in base 2?
-110101000100111101
Convert -2a4b68 (base 12) to base 14.
-1480b6
Convert -210100021 (base 3) to base 4.
-3303013
Convert 2155970 (base 10) to base 14.
4019bc
-69245 (base 14) to base 13
-8c490
What is a1231 (base 12) in base 7?
1531351
-444420304 (base 6) to base 8
-36573420
Convert 14c723 (base 14) to base 7.
6112043
473814 (base 9) to base 14
75bd1
1723a2 (base 13) to base 14
11000d
What is 40ba6 (base 12) in base 16?
14aae
What is 1177212 (base 12) in base 7?
40556165
Convert -1000101111101000 (base 2) to base 5.
-2121231
-270adc (base 14) to base 10
-1346714
Convert -131232201123 (base 4) to base 11.
-4442881
Convert -510241211 (base 6) to base 10.
-8699047
3b0858 (base 12) to base 8
3561704
What is 52410 (base 14) in base 2?
110000011011011110
What is 52253414 (base 6) in base 9?
2760281
Convert 344781 (base 10) to base 4.
1110023031
102103223133 (base 4) to base 10
4799199
-1824a (base 15) to base 13
-29752
Convert 51520502 (base 6) to base 10.
1487990
Convert 9b62 (base 13) to base 15.
6677
What is -100121001011 (base 3) in base 2?
-101110000110101010
What is 162b28 (base 14) in base 12?
3150a8
3031230 (base 4) to base 7
53244
What is 3979c (base 13) in base 3?
12102110101
What is -6c2672 (base 14) in base 10?
-3694700
What is -412343112 (base 5) in base 12?
-692765
-416b2 (base 13) to base 5
-12230400
-101433322 (base 5) to base 13
-119884
Convert 73332 (base 13) to base 16.
328da
What is 1538660 (base 13) in base 6?
401252105
-70252736 (base 8) to base 3
-1000210021022111
-4ed62 (base 16) to base 13
-b3c97
What is -91a6b (base 15) in base 6?
-13515515
Convert 199c42 (base 14) to base 3.
1201021012200
Convert 11011100111101 (base 2) to base 4.
3130331
What is 1011011010000111011010 (base 2) in base 6?
144033054
13167a (base 14) to base 6
22030044
Convert 1112021120022 (base 3) to base 9.
1467508
13233013 (base 4) to base 5
2003222
What is 11099731 (base 10) in base 16?
a95e53
What is -499a48 (base 13) in base 11?
-aa5144
54332634 (base 7) to base 15
61bd10
-166347 (base 11) to base 3
-111001221112
Convert cba80d (base 15) to base 3.
200021001200011
-175a30 (base 13) to base 12
-241b12
231232013 (base 4) to base 2
101101101110000111
Convert 1c69 (base 14) to base 10.
5189
Convert 123660063 (base 7) to base 16.
783dbf
Convert -14ab8 (base 15) to base 8.
-201764
c8195 (base 13) to base 3
200022122112
1180342 (base 9) to base 5
131041014
What is -13440014 (base 5) in base 12?
-69035
Convert -162530 (base 9) to base 2.
-11000011111010001
Convert 388805 (base 10) to base 8.
1367305
What is -10101000101111000101 (base 2) in base 9?
-1263054
Convert 3101111310 (base 5) to base 13.
13b6915
What is 1d57a3 (base 15) in base 11?
8a0a69
What is -10101001001111010011111 (base 2) in base 6?
-314510115
6501316 (base 10) to base 5
3131020231
38d704 (base 14) to base 11
1117a62
What is 586c7 (base 13) in base 12?
795b2
12a934a (base 11) to base 12
907619
What is 48972a (base 11) in base 16?
bd02e
4014400411 (base 5) to base 4
132120300203
What is 99ab88 (base 13) in base 5?
1411411002
What is 61892 (base 11) in base 12?
44286
Convert 120142055 (base 6) to base 8.
10460163
Convert 1146034 (base 7) to base 9.
242421
Convert -2523200 (base 7) to base 8.
-1173216
-110111221022121 (base 3) to base 15
-8b5cbd
89b2c1 (base 13) to base 7
36433132
Convert 1003535 (base 8) to base 13.
9323c
-24928 (base 13) to base 9
-112481
4684bc (base 13) to base 4
12120323001
Convert 1323330113 (base 4) to base 7.
4213043
Convert -30631 (base 10) to base 3.
-1120000111
Convert 301a9 (base 12) to base 5.
3444411
Convert 1074440 (base 10) to base 5.
233340230
What is 2205060 (base 7) in base 8?
1020515
-400762 (base 8) to base 16
-201f2
11000000101001011111100 (base 2) to base 14
ba4792
Convert -11111001110000001001 (base 2) to base 5.
-230213420
Convert -10139a (base 11) to base 8.
-476046
What is -344048 (base 10) in base 8?
-1237760
Convert 6484227 (base 9) to base 13.
94b238
What is 66907 (base 11) in base 13?
35170
What is 135143412 (base 6) in base 7?
32341331
What is -260525 (base 9) in base 12?
-77458
What is 1120a7 (base 12) in base 6?
5504331
What is 670580 (base 10) in base 13?
1a62c1
What is 55306 (base 11) in base 14?
21349
Convert -1356b (base 15) to base 13.
-22295
What is 2838072 (base 9) in base 3?
2221022002102
114240440 (base 5) to base 3
1000102220110
What is 24114010 (base 5) in base 16?
3671d
Convert -101121220002110 (base 3) to base 7.
-65666160
Convert -498648 (base 10) to base 6.
-14404320
Convert -1ab9300 (base 13) to base 3.
-121200212002201
What is 444010 (base 15) in base 2?
1100011010010100001011
Convert -83c78 (base 14) to base 8.
-1155102
-5a46a (base 12) to base 14
-32470
-236258 (base 15) to base 3
-10011221011202
What is 87311 (base 9) in base 8?
160764
-35012330 (base 6) to base 10
-1074942
What is 4233552 (base 6) in base 5?
23110144
-260343 (base 10) to base 16
-3f8f7
-3507207 (base 10) to base 2
-1101011000010000000111
What is 650541 (base 9) in base 3?
201200121101
Convert 1487683 (base 9) to base 6.
25411033
What is -10cdb (base 14) in base 4?
-22000001
Convert -432231320 (base 5) to base 13.
-4c3b82
Convert -102645151 (base 7) to base 9.
-12445504
Convert -1010100222 (base 5) to base 3.
-10211100201112
What is 156356 (base 9) in base 3?
11220101220
-1010000001100001 (base 2) to base 8
-120141
Convert 288472 (base 11) to base 7.
3554145
Convert 13353242 (base 6) to base 13.
12a058
Convert 15745428 (base 9) to base 4.
132010233230
Convert -11101011101011101001 (base 2) to base 8.
-3535351
Convert -707a00 (base 13) to base 7.
-31144113
What is 341211 (base 5) in base 11?
9070
Convert 4262b3 (base 12) to base 14.
1d3abd
-1000210102200 (base 3) to base 12
-224709
Convert -32010022022 (base 4) to base 11.
-2099154
-62763 (base 14) to base 9
-401635
What is -69b09 (base 12) in base 3?
-21012012000
Convert -2533123 (base 9) to base 2.
-101010000111100000011
8610700 (base 10) to base 3
121012110122211
What is 1303310103 (base 4) in base 7?
4014024
-62935a (base 11) to base 16
-f617b
What is -100131211200 (base 4) in base 16?
-41d960
What is 1201111001002 (base 3) in base 12?
381578
Convert 10010044 (base 5) to base 15.
18519
Convert 35a9a (base 11) to base 13.
1a811
Convert -6592009 (base 10) to base 12.
-225a9a1
Convert -433412 (base 7) to base 10.
-75665
425618 (base 11) to base 15
d6b26
Convert 1121031111 (base 4) to base 3.
200120020020
Convert -1064553 (base 8) to base 10.
-289131
-239a1 (base 15) to base 14
-2d54b
What is 9993915 (base 10) in base 2?
100110000111111010111011
-101101110101011111110 (base 2) to base 14
-2b1502
What is -28093 (base 11) in base 8?
-116140
What is -786156 (base 11) in base 16?
-131d2d
-110121101001 (base 3) to base 12
-bb717
What is -10111011000110100110 (base 2) in base 10?
-766374
Convert 29179 (base 11) to base 13.
15b4b
-66625 (base 11) to base 8
-274511
What is -100110111001110001100 (base 2) in base 8?
-4671614
-341115 (base 9) to base 3
-101101010112
What is -1b00c4 (base 13) in base 4?
-2213120320
What is 1401343320 (base 5) in base 12?
122a829
What is -3056203 (base 7) in base 4?
-1121220013
What is -11443404131 (base 5) in base 11?
-7786224
What is 12030020 (base 7) in base 3?
2000011100122
Convert -203312323 (base 4) to base 6.
-3051551
123130232 (base 4) to base 15
234a5
What is 4312131 (base 5) in base 15?
1687b
What is -5245563 (base 8) in base 16?
-154b73
Convert -1350f (base 16) to base 3.
-11000112100
22200120202101 (base 3) to base 5
2140223212
What is 10211002002 (base 3) in base 7?
432035
What is 140302104 (base 5) in base 9?
1305666
-211200211101 (base 3) to base 5
-103244002
Convert 635316